{"id":28,"date":"2023-12-07T11:29:39","date_gmt":"2023-12-07T11:29:39","guid":{"rendered":"https:\/\/steroiderfortjejer.com\/?page_id=28"},"modified":"2023-12-07T11:29:39","modified_gmt":"2023-12-07T11:29:39","slug":"viktminsking-med-ozempic-semaglutid","status":"publish","type":"page","link":"https:\/\/steroiderfortjejer.com\/?page_id=28","title":{"rendered":"Viktminsking med Ozempic Semaglutid"},"content":{"rendered":"\n<p>Ozempic (<a href=\"https:\/\/anabolasteroider.net\/fragor-och-svar-om-semaglutid\/\">Semaglutid<\/a>) p\u00e5verkar fris\u00e4ttningen av insulin som minskar fris\u00e4ttningen av glukos och ger \u00f6kad m\u00e4ttnadsk\u00e4nsla, minskad aptit, samt viktnedg\u00e5ng.<\/p>\n\n\n\n<div class=\"wp-block-media-text alignwide is-stacked-on-mobile\"><figure class=\"wp-block-media-text__media\"><img decoding=\"async\" loading=\"lazy\" width=\"718\" height=\"398\" src=\"http:\/\/steroiderfortjejer.com\/wp-content\/uploads\/2023\/12\/Semaglutid_5mg.png\" alt=\"Semaglutid_ozempic_viktminskning\" class=\"wp-image-29 size-full\" srcset=\"https:\/\/steroiderfortjejer.com\/wp-content\/uploads\/2023\/12\/Semaglutid_5mg.png 718w, https:\/\/steroiderfortjejer.com\/wp-content\/uploads\/2023\/12\/Semaglutid_5mg-300x166.png 300w\" sizes=\"(max-width: 718px) 100vw, 718px\" \/><\/figure><div class=\"wp-block-media-text__content\">\n<p>Semaglutid finns att k\u00f6pa som f\u00e4rdiga kit p\u00e5 Anabolasteroider.net. <a href=\"https:\/\/anabolasteroider.net\/fragor-och-svar-om-semaglutid\/\">L\u00e4s mer om Semaglud p\u00e5 deras hemsida genom att klicka <\/a>h\u00e4r! <\/p>\n<\/div><\/div>\n\n\n\n<p><a href=\"https:\/\/anabolasteroider.net\/shop\/alla-produkter\/semaglutide-5mg\/\"><\/a><\/p>\n","protected":false},"excerpt":{"rendered":"<p>Ozempic (Semaglutid) p\u00e5verkar fris\u00e4ttningen av insulin som minskar fris\u00e4ttningen av glukos och ger \u00f6kad m\u00e4ttnadsk\u00e4nsla, minskad aptit, samt viktnedg\u00e5ng. Semaglutid finns att k\u00f6pa som f\u00e4rdiga kit p\u00e5 Anabolasteroider.net. L\u00e4s mer om Semaglud p\u00e5 deras hemsida genom att klicka h\u00e4r!<\/p>\n","protected":false},"author":2,"featured_media":29,"parent":0,"menu_order":0,"comment_status":"closed","ping_status":"closed","template":"","meta":[],"yoast_head":"<!-- This site is optimized with the Yoast SEO plugin v20.2 - https:\/\/yoast.com\/wordpress\/plugins\/seo\/ -->\n<title>Viktminsking med Ozempic Semaglutid - steroiderfortjejer.com<\/title>\n<meta name=\"description\" content=\"Ozempic (Semaglutid) p\u00e5verkar fris\u00e4ttningen av insulin som minskar fris\u00e4ttningen av glukos och ger \u00f6kad m\u00e4ttnadsk\u00e4nsla, minskad aptit, samt viktnedg\u00e5ng.\" \/>\n<meta name=\"robots\" content=\"index, follow, max-snippet:-1, max-image-preview:large, max-video-preview:-1\" \/>\n<link rel=\"canonical\" href=\"https:\/\/steroiderfortjejer.com\/?page_id=28\" \/>\n<meta property=\"og:locale\" content=\"sv_SE\" \/>\n<meta property=\"og:type\" content=\"article\" \/>\n<meta property=\"og:title\" content=\"Viktminsking med Ozempic Semaglutid - steroiderfortjejer.com\" \/>\n<meta property=\"og:description\" content=\"Ozempic (Semaglutid) p\u00e5verkar fris\u00e4ttningen av insulin som minskar fris\u00e4ttningen av glukos och ger \u00f6kad m\u00e4ttnadsk\u00e4nsla, minskad aptit, samt viktnedg\u00e5ng.\" \/>\n<meta property=\"og:url\" content=\"https:\/\/steroiderfortjejer.com\/?page_id=28\" \/>\n<meta property=\"og:site_name\" content=\"steroiderfortjejer.com\" \/>\n<meta property=\"og:image\" content=\"http:\/\/steroiderfortjejer.com\/wp-content\/uploads\/2023\/12\/Semaglutid_5mg.png\" \/>\n\t<meta property=\"og:image:width\" content=\"718\" \/>\n\t<meta property=\"og:image:height\" content=\"398\" \/>\n\t<meta property=\"og:image:type\" content=\"image\/png\" \/>\n<meta name=\"twitter:card\" content=\"summary_large_image\" \/>\n<meta name=\"twitter:label1\" content=\"Ber\u00e4knad l\u00e4stid\" \/>\n\t<meta name=\"twitter:data1\" content=\"1 minut\" \/>\n<script type=\"application\/ld+json\" class=\"yoast-schema-graph\">{\"@context\":\"https:\/\/schema.org\",\"@graph\":[{\"@type\":\"WebPage\",\"@id\":\"https:\/\/steroiderfortjejer.com\/?page_id=28\",\"url\":\"https:\/\/steroiderfortjejer.com\/?page_id=28\",\"name\":\"Viktminsking med Ozempic Semaglutid - steroiderfortjejer.com\",\"isPartOf\":{\"@id\":\"https:\/\/steroiderfortjejer.com\/#website\"},\"datePublished\":\"2023-12-07T11:29:39+00:00\",\"dateModified\":\"2023-12-07T11:29:39+00:00\",\"description\":\"Ozempic (Semaglutid) p\u00e5verkar fris\u00e4ttningen av insulin som minskar fris\u00e4ttningen av glukos och ger \u00f6kad m\u00e4ttnadsk\u00e4nsla, minskad aptit, samt viktnedg\u00e5ng.\",\"breadcrumb\":{\"@id\":\"https:\/\/steroiderfortjejer.com\/?page_id=28#breadcrumb\"},\"inLanguage\":\"sv-SE\",\"potentialAction\":[{\"@type\":\"ReadAction\",\"target\":[\"https:\/\/steroiderfortjejer.com\/?page_id=28\"]}]},{\"@type\":\"BreadcrumbList\",\"@id\":\"https:\/\/steroiderfortjejer.com\/?page_id=28#breadcrumb\",\"itemListElement\":[{\"@type\":\"ListItem\",\"position\":1,\"name\":\"Hem\",\"item\":\"https:\/\/steroiderfortjejer.com\/\"},{\"@type\":\"ListItem\",\"position\":2,\"name\":\"Viktminsking med Ozempic Semaglutid\"}]},{\"@type\":\"WebSite\",\"@id\":\"https:\/\/steroiderfortjejer.com\/#website\",\"url\":\"https:\/\/steroiderfortjejer.com\/\",\"name\":\"steroiderfortjejer.com\",\"description\":\"\",\"potentialAction\":[{\"@type\":\"SearchAction\",\"target\":{\"@type\":\"EntryPoint\",\"urlTemplate\":\"https:\/\/steroiderfortjejer.com\/?s={search_term_string}\"},\"query-input\":\"required name=search_term_string\"}],\"inLanguage\":\"sv-SE\"}]}<\/script>\n<!-- \/ Yoast SEO plugin. -->","yoast_head_json":{"title":"Viktminsking med Ozempic Semaglutid - steroiderfortjejer.com","description":"Ozempic (Semaglutid) p\u00e5verkar fris\u00e4ttningen av insulin som minskar fris\u00e4ttningen av glukos och ger \u00f6kad m\u00e4ttnadsk\u00e4nsla, minskad aptit, samt viktnedg\u00e5ng.","robots":{"index":"index","follow":"follow","max-snippet":"max-snippet:-1","max-image-preview":"max-image-preview:large","max-video-preview":"max-video-preview:-1"},"canonical":"https:\/\/steroiderfortjejer.com\/?page_id=28","og_locale":"sv_SE","og_type":"article","og_title":"Viktminsking med Ozempic Semaglutid - steroiderfortjejer.com","og_description":"Ozempic (Semaglutid) p\u00e5verkar fris\u00e4ttningen av insulin som minskar fris\u00e4ttningen av glukos och ger \u00f6kad m\u00e4ttnadsk\u00e4nsla, minskad aptit, samt viktnedg\u00e5ng.","og_url":"https:\/\/steroiderfortjejer.com\/?page_id=28","og_site_name":"steroiderfortjejer.com","og_image":[{"width":718,"height":398,"url":"http:\/\/steroiderfortjejer.com\/wp-content\/uploads\/2023\/12\/Semaglutid_5mg.png","type":"image\/png"}],"twitter_card":"summary_large_image","twitter_misc":{"Ber\u00e4knad l\u00e4stid":"1 minut"},"schema":{"@context":"https:\/\/schema.org","@graph":[{"@type":"WebPage","@id":"https:\/\/steroiderfortjejer.com\/?page_id=28","url":"https:\/\/steroiderfortjejer.com\/?page_id=28","name":"Viktminsking med Ozempic Semaglutid - steroiderfortjejer.com","isPartOf":{"@id":"https:\/\/steroiderfortjejer.com\/#website"},"datePublished":"2023-12-07T11:29:39+00:00","dateModified":"2023-12-07T11:29:39+00:00","description":"Ozempic (Semaglutid) p\u00e5verkar fris\u00e4ttningen av insulin som minskar fris\u00e4ttningen av glukos och ger \u00f6kad m\u00e4ttnadsk\u00e4nsla, minskad aptit, samt viktnedg\u00e5ng.","breadcrumb":{"@id":"https:\/\/steroiderfortjejer.com\/?page_id=28#breadcrumb"},"inLanguage":"sv-SE","potentialAction":[{"@type":"ReadAction","target":["https:\/\/steroiderfortjejer.com\/?page_id=28"]}]},{"@type":"BreadcrumbList","@id":"https:\/\/steroiderfortjejer.com\/?page_id=28#breadcrumb","itemListElement":[{"@type":"ListItem","position":1,"name":"Hem","item":"https:\/\/steroiderfortjejer.com\/"},{"@type":"ListItem","position":2,"name":"Viktminsking med Ozempic Semaglutid"}]},{"@type":"WebSite","@id":"https:\/\/steroiderfortjejer.com\/#website","url":"https:\/\/steroiderfortjejer.com\/","name":"steroiderfortjejer.com","description":"","potentialAction":[{"@type":"SearchAction","target":{"@type":"EntryPoint","urlTemplate":"https:\/\/steroiderfortjejer.com\/?s={search_term_string}"},"query-input":"required name=search_term_string"}],"inLanguage":"sv-SE"}]}},"_links":{"self":[{"href":"https:\/\/steroiderfortjejer.com\/index.php?rest_route=\/wp\/v2\/pages\/28"}],"collection":[{"href":"https:\/\/steroiderfortjejer.com\/index.php?rest_route=\/wp\/v2\/pages"}],"about":[{"href":"https:\/\/steroiderfortjejer.com\/index.php?rest_route=\/wp\/v2\/types\/page"}],"author":[{"embeddable":true,"href":"https:\/\/steroiderfortjejer.com\/index.php?rest_route=\/wp\/v2\/users\/2"}],"replies":[{"embeddable":true,"href":"https:\/\/steroiderfortjejer.com\/index.php?rest_route=%2Fwp%2Fv2%2Fcomments&post=28"}],"version-history":[{"count":1,"href":"https:\/\/steroiderfortjejer.com\/index.php?rest_route=\/wp\/v2\/pages\/28\/revisions"}],"predecessor-version":[{"id":30,"href":"https:\/\/steroiderfortjejer.com\/index.php?rest_route=\/wp\/v2\/pages\/28\/revisions\/30"}],"wp:featuredmedia":[{"embeddable":true,"href":"https:\/\/steroiderfortjejer.com\/index.php?rest_route=\/wp\/v2\/media\/29"}],"wp:attachment":[{"href":"https:\/\/steroiderfortjejer.com\/index.php?rest_route=%2Fwp%2Fv2%2Fmedia&parent=28"}],"curies":[{"name":"wp","href":"https:\/\/api.w.org\/{rel}","templated":true}]}}